c(t) = 0 + 3 + 2*t + d - 4*t. Give c(3).
-3
Let j be (1 + (2 - 3))/(-2). Let u(c) = -c + 3. Let k be u(0). Let t(s) = -2*s + k*s + 0*s - 2. What is t(j)?
-2
Suppose 0 = 5*x - x. Suppose x*y + y = -5. Let h(t) = t**2 + 7*t + 7. Let z be h(y). Let b(f) = -3*f + 1. Calculate b(z).
10
Let t(w) = -3*w. Let p be t(-2). Let o(v) = -2 - 1 + v + 1. Determine o(p).
4
Let y(q) be the third derivative of -q**6/120 + q**5/15 - q**4/12 + q**3/6 - 2*q**2. Suppose 3*o + 3*r - 2*r = 13, 2*o + 3*r = 11. Let v = 7 - o. Give y(v).
4
Suppose -3*o = -o + 4. Let u be (o - -1)/(8/40). Let p(g) = g**2 + 4*g. Determine p(u).
5
Let q(b) be the third derivative of b**6/360 - 7*b**5/120 - b**4/8 - 2*b**3/3 - 6*b**2. Let j(r) be the first derivative of q(r). Calculate j(6).
-9
Let c(f) = f + 2. Let h(d) = d - 3. Let y(i) = 2*c(i) + h(i). Calculate y(1).
4
Suppose 4*n - 15 = n. Suppose -4*g = 15 + n. Let q(p) = -36 - p**2 - 45 - 5*p + 75. Give q(g).
-6
Suppose 4*b + 19 = -5*i + 4, 5 = -b. Let r(j) = -2*j**2 - 2 - 5 + 7 + j. Calculate r(i).
-1
Let q = 4 + -2. Suppose -q*n = n. Let t(f) be the second derivative of -f**5/20 + f**3/6 - 2*f**2 - 66*f. Give t(n).
-4
Let v = -4 + 6. Suppose 3 = u - v. Let m(s) = -s**3 + 4*s**2 + 5. Let g(r) = r**3 - 4*r**2 + r - 5. Let y(a) = -4*g(a) - 5*m(a). What is y(u)?
0
Suppose -3*n - 6 = -6*n. Let x(g) = 2 - 4 + 1 - 3*g**n - 3*g. Give x(-2).
-7
Let x(g) be the second derivative of -g**5/20 - g**4/12 - g**3/6 - 5*g**2/2 + 9*g. Let m be -2 - 0 - (0 + -2). Calculate x(m).
-5
Let t be (7 + -1 + -3)*2. Suppose -2*z + t + 6 = 0. Let r(m) = m**3 - 5*m**2 - 8*m + 5. Give r(z).
-7
Let o(f) = 4*f + 5. Let i(p) = -1. Let r(g) = 4*i(g) + o(g). What is r(-3)?
-11
Suppose 5 = -3*q - 9*s + 4*s, 5*q = -5*s - 15. Let n(g) = -6 + 37*g + 34*g - 76*g - g**2. Calculate n(q).
-6
Let i(d) = d**2 + 13*d + 22. Let g be i(-11). Let s(n) = -n**2 + n - 6. What is s(g)?
-6
Let h(t) = -1. Let l(q) = -q - 2. Let x(d) = -2*h(d) + l(d). Let w(p) = 19*p + 1 - 6*p + p**2 + 5. Let i(n) = w(n) + 5*x(n). Determine i(-4).
-10
Let m(g) be the third derivative of 1/2*g**3 - g**2 - 5/24*g**4 + 0 + 1/120*g**6 - 1/60*g**5 + 0*g. Suppose 3*d - 9 = -0. Calculate m(d).
6
Let p(k) = -2*k. Let c be (-6)/5*15/(-3). Give p(c).
-12
Let j(q) = -2 + q**2 - q - q - q. Let g(m) = 3*m**3 - 4*m**2 + 4*m - 3. Let h be g(2). Suppose 4*c + 1 = h. What is j(c)?
-2
Let w(n) be the second derivative of -n**3/6 + 3*n**2/2 + n. Suppose -84 = 2*s - 96. Calculate w(s).
-3
Let t be -2 - (0 + 2 + -7). Let d be t/9 - (-8)/3. Let o(g) = g**2 - 6*g + 1. What is o(d)?
-8
Let b(g) = 2*g**2 - 3*g + 1. Let c be b(2). Let p(f) = -f - c - f + 2. Suppose -8*q + 5*w = -3*q + 5, -11 = q - 3*w. Give p(q).
-9
Let s(a) = -2*a**2 + 8*a - 4. Let p be s(5). Let w = p - -17. Let f(q) = -4*q. Give f(w).
-12
Suppose 16*a - 18*a = 0. Let n(j) = -j**3 + j**2 - j + 4. Calculate n(a).
4
Let b(u) = u + 4 + 0*u - u**2 - 5. Let t be (-122)/18 - 2/9. Let x = t - -5. What is b(x)?
-7
Suppose -5*c - 8 = 12. Let o(g) be the second derivative of g**3/2 + 3*g**2/2 - 7*g. Determine o(c).
-9
Suppose z = -2*z + 12. Let u(w) = w - z*w - 1 - w. Suppose 8*j - 4*j - 4 = 0. What is u(j)?
-5
Let f(g) be the first derivative of g**2 + g - 19. Let d = 8 - 11. Determine f(d).
-5
Let r(g) = 2*g - 4. Suppose -o + 4*o = 30. Let n be 3*(0 - o/(-6)). What is r(n)?
6
Let j be (1 - (1 - 0))/1. Suppose 3*b - 4 + 1 = j. Let v = 3 - b. Let d(m) = 2*m**3 - 3*m**2 + 2*m - 1. Calculate d(v).
7
Let q(l) = -l - 3. Suppose p - 2*b - 9 = 2*p, 3*b = -6. What is q(p)?
2
Let x = -10 - -12. Let d = 3 + -1. Let f(z) = -z**2 + 3 + 0*z**d + z - 4. Determine f(x).
-3
Suppose -3*s + 26 = -4. Suppose 2 = -2*w - s. Let x(l) = -l. Calculate x(w).
6
Let f = -3 - -10. Let z be (f - 6)/((-1)/(-2)). Let p(y) = 2*y - 2 + 3*y**3 - 2*y**3 - 1 - y**2. Determine p(z).
5
Suppose 0 = -3*g - x + 5*x - 12, -2*x + 6 = 0. Suppose g = 8*m - 3*m. Let j(u) = u**2 + 1. Give j(m).
1
Let z = -12 - -17. Let p(i) be the second derivative of -i**3/3 - 3*i**2/2 + 7*i. Give p(z).
-13
Let s(v) = -2*v - 5. Let z(c) = c + 3. Let n(g) = -4*s(g) - 7*z(g). Give n(-6).
-7
Let w(y) = 0 - y + 0*y - 11. Let f(p) = -2*p**2 + p + 1. Let s be f(-1). Let d be s/(-8) + 3/(-12). Calculate w(d).
-11
Let p = 5 - -21. Suppose -2*a - 2*q + p = 2*a, 29 = 4*a + 3*q. Let f(l) = -l**3 + 5*l**2 - 2*l + 5. What is f(a)?
-5
Let o(u) = -u - 1. Let z be 1 - 2/(-6)*-3. Suppose 2*b + z*b = -10, 3*a = 3*b + 12. Let i = a + -4. What is o(i)?
4
Suppose 3 - 7 = -4*o. Let v(s) = 2 - o + s - 1 - 3. Give v(5).
2
Let d(g) = 5*g - g - g**2 + 4 - 4. Let b be d(4). Let a(h) = h**2 - h + 7. Determine a(b).
7
Let g = 57 + -41. Let y be 2/g + 114/(-16). Let j(b) = -b**2 - 5*b + 7. Determine j(y).
-7
Let b(n) = n**3 - n**2 + n. Let y(m) = -2*m**3 - m**2 - 11*m - 5. Let f(l) = 3*b(l) + y(l). What is f(6)?
19
Suppose -v - 1 = 0, 4*b + 3*v - 19 = 38. Let l(y) = 13 - 4*y + 2*y + 5*y - b. Calculate l(-4).
-14
Let b(n) be the second derivative of -n**5/20 + n**4/3 - n**3/6 - n**2/2 + n. Let y(f) = f**2 + 19*f + 3. Let z be y(-19). Give b(z).
5
Let a(p) = -1 - 1 + 0*p - p + 0. Let s(x) = x**2 + 3*x - 3. Let g be s(-3). What is a(g)?
1
Let y(o) = -o**3 - 10*o**2 - 10*o - 9. Let b be y(-9). Suppose -2*g + b + 2 = 0. Let q(s) be the second derivative of 2*s**5/5 + s**4/12 - s. Give q(g).
9
Let p(u) be the second derivative of -u**4/12 - 5*u**3/6 - u**2/2 + u. Let a = -5 + 3. Determine p(a).
5
Let z(b) be the first derivative of b**4/4 + 2*b**3/3 - b**2/2 + b - 5. Suppose -11 = -2*c - m, -c - 2*m = 3*m + 17. Let o be ((-3)/2)/(6/c). Determine z(o).
3
Let k(q) = -q**3 - q + 2. Let i(v) = 6*v + 4. Let m be i(-1). Give k(m).
12
Suppose -b - 2*b = 24. Let k(t) = t**3 + 7*t**2 - 8*t + 7. Determine k(b).
7
Let r(s) be the second derivative of -s**3/3 - 3*s**2 + 2*s. Suppose 10*c = -3*c - 65. What is r(c)?
4
Let v be (-2)/(-9) + 32/18. Let m(z) = 0 + z**3 + 4 - 6*z**2 + v - z. Give m(6).
0
Let w(c) be the third derivative of c**6/120 - c**5/10 - c**4/4 + 4*c**3/3 - 51*c**2. What is w(7)?
15
Let a(z) = 2*z + 6*z**2 + 0*z**2 - 3*z. Let d(m) = -4*m + 28. Let i(w) = w - 7. Let q(c) = 2*d(c) + 9*i(c). Let t be q(6). Give a(t).
7
Let i(r) = 4 + 4*r**2 - 5*r**2 - 3 + 8*r - 3. What is i(6)?
10
Let n(v) = v**3 + 5*v**2 + 5*v + 3. Suppose 5*y - 59 = -q + 2*q, -q = -2*y + 23. Let c = y + -7. Let w be 3 + (2 - (3 + c)). Determine n(w).
6
Let o = -2 + 3. Let a(i) = -i**3 + 8*i**2 - 6*i - 2. Let s be a(7). Let w(z) = 5 + z**2 - s - 4*z - o. Calculate w(2).
-5
Let a(h) = h**2 - 3*h - 4. Suppose 0 = 4*l - 11 - 5. Suppose -l*m + 0*z + 2*z + 10 = 0, 1 = -2*m - 5*z. Suppose -7 = r + 5*d, -r = 3*d + m + 1. What is a(r)?
-4
Suppose -3*o + 24 = -5*u, -2*o = 3*u - 2*u - 3. Let j(k) be the second derivative of k**4/6 - k**3/3 - 3*k**2/2 + 3*k. Calculate j(o).
9
Let u(g) = g**2 - 7*g - 6. Let y = -15 + 23. Give u(y).
2
Let s(r) = -6*r**3 + 8*r**2 + 14. Let o(h) = 2*h**3 - 3*h**2 - 5. Let t(q) = 11*o(q) + 4*s(q). Let u be 1/3*12/2. Let d = -1 + u. Calculate t(d).
-2
Let a(c) = -c**2 - 6*c - 6. Suppose 4*p - 140 = -3*x - 0*p, -2*p + 50 = x. Suppose 0 = 4*t + 4*u + x, -u + 4 - 8 = 0. Calculate a(t).
-6
Let w be (-46)/8 - 9/(-12). Let v be (-13)/(-3) + w/15. Let a(m) = m**2 - 5*m - 3. Determine a(v).
-7
Let a(c) = 5*c**3 - 9*c**2 - 6*c + 9. Let k(b) = b**3 - b**2 - b + 1. Let x(w) = -a(w) + 4*k(w). Suppose z - 4*z = -s - 4, -2*s + 5*z = 5. Calculate x(s).
5
Let t(l) = -l - 7. Suppose -g = -3*g - 2. Let b(y) = 14*y**3 + y**2 + y + 1. Let p be b(g). Let f = p - -8. Determine t(f).
-2
Suppose -2*t + t + 3 = 0. Let x be 0/(-1) - (2 - t). Let a be -5*1*x - -1. Let j(k) = -2*k - 3. Give j(a).
5
Let s(t) = 7*t - 3*t**2 - 5*t - 5*t. Suppose -3*k = 2 + 4. Determine s(k).
-6
Let j = -89 - -92. Let q(d) = -2*d + 2. Calculate q(j).
-4
Let l(w) = w**3 + 7*w**2 + 4*w - 2. Let p be 200/(-35) - (-2)/(-7). Determine l(p).
10
Suppose 4*x = -5*n - 1 - 19, -5*n + 2*x = -10. Let l(u) = u**3 - 5*u**2 - 4 + 5*u**2 - 1. Calculate l(n).
-5
Let j be 5*-1*8/(-10). Let r(n) = 3*n + 6. Let x(f) = -2*f - 3. Suppose -4*h + 7 = 23. Let s(i) = h*r(i) - 7*x(i). Determine s(j).
5
Let i(o) = o - 1. Let k(a) = -6*a**2 + a - 1. Let s be k(1). Give i(s).
-7
Let n(x) = -4*x**2 - 2*x**2 + 7*x**2 + 7*x - 2 - 2*x**2. What is n(4)?
10
Le